{"id":1459,"date":"2024-11-12T14:26:08","date_gmt":"2024-11-12T13:26:08","guid":{"rendered":"https:\/\/www.transport-logistics-namur.be\/products\/alarm-bar\/"},"modified":"2024-11-12T14:26:08","modified_gmt":"2024-11-12T13:26:08","slug":"alarm-bar-2","status":"publish","type":"products","link":"https:\/\/www.transport-logistics-namur.be\/fr\/products\/alarm-bar-2\/","title":{"rendered":"Alarm Bar"},"content":{"rendered":"<p>Con\u00e7ue pour prot\u00e9ger les \u00e9quipements en hauteur contre les dommages accidentels caus\u00e9s par les chariots en mouvement. Cette barre suspendue \u00e9met des alarmes audibles et visibles pour pr\u00e9venir les dommages avant qu&#8217;ils ne se produisent, en \u00e9vitant les impacts du v\u00e9hicule et en changeant le comportement du conducteur au fil du temps. Prot\u00e9gez vos infrastructures de faible hauteur contre les mats des chariots \u00e9l\u00e9vateurs non baiss\u00e9es en op\u00e9ration.  Chaque haut-parleur \u00e9met un signal de 102 d\u00e9cibel Durant 20 secondes, l\u2019\u00e9quivalent d\u2019un klaxon \u00e0 1 M. La barres \u00e9quip\u00e9e de leds flashe en m\u00eame temps durant 40 secondes, cr\u00e9ant une alarme sonore et visuelle.<\/p>\n<p>Rapide et facile \u00e0 installer, elle peut \u00eatre utilis\u00e9 pour prot\u00e9ger les cadres de porte, les quais de chargement, les infrastructures et les passerelles a\u00e9riennes, ainsi que les principaux \u00e9l\u00e9ments de s\u00e9curit\u00e9 tels que les syst\u00e8mes de spriklage, passages de c\u00e2bles ou tuyaux de ventilation.<\/p>\n<p>Lancement produit Octobre 2018<\/p>\n","protected":false},"excerpt":{"rendered":"<p>Con\u00e7ue pour prot\u00e9ger les \u00e9quipements en hauteur contre les dommages accidentels caus\u00e9s par les chariots en mouvement. Cette barre suspendue \u00e9met des alarmes audibles et visibles pour pr\u00e9venir les dommages avant qu&#8217;ils ne se produisent, en \u00e9vitant les impacts du v\u00e9hicule et en changeant le comportement du conducteur au fil du temps. Prot\u00e9gez vos infrastructures [&hellip;]<\/p>\n","protected":false},"featured_media":1462,"template":"","meta":{"_seopress_robots_primary_cat":"","_seopress_titles_title":"","_seopress_titles_desc":"","_seopress_robots_index":"","_api_id":"84352","_exhibitors":[],"footnotes":""},"tags":[],"edition":[21],"product-category":[],"class_list":["post-1459","products","type-products","status-publish","has-post-thumbnail","hentry","edition-transport-logistics-namur-2022"],"_links":{"self":[{"href":"https:\/\/www.transport-logistics-namur.be\/fr\/wp-json\/wp\/v2\/products\/1459","targetHints":{"allow":["GET"]}}],"collection":[{"href":"https:\/\/www.transport-logistics-namur.be\/fr\/wp-json\/wp\/v2\/products"}],"about":[{"href":"https:\/\/www.transport-logistics-namur.be\/fr\/wp-json\/wp\/v2\/types\/products"}],"version-history":[{"count":0,"href":"https:\/\/www.transport-logistics-namur.be\/fr\/wp-json\/wp\/v2\/products\/1459\/revisions"}],"wp:featuredmedia":[{"embeddable":true,"href":"https:\/\/www.transport-logistics-namur.be\/fr\/wp-json\/wp\/v2\/media\/1462"}],"wp:attachment":[{"href":"https:\/\/www.transport-logistics-namur.be\/fr\/wp-json\/wp\/v2\/media?parent=1459"}],"wp:term":[{"taxonomy":"post_tag","embeddable":true,"href":"https:\/\/www.transport-logistics-namur.be\/fr\/wp-json\/wp\/v2\/tags?post=1459"},{"taxonomy":"edition","embeddable":true,"href":"https:\/\/www.transport-logistics-namur.be\/fr\/wp-json\/wp\/v2\/edition?post=1459"},{"taxonomy":"product-category","embeddable":true,"href":"https:\/\/www.transport-logistics-namur.be\/fr\/wp-json\/wp\/v2\/product-category?post=1459"}],"curies":[{"name":"wp","href":"https:\/\/api.w.org\/{rel}","templated":true}]}}

<p>Conçue pour protéger les équipements en hauteur contre les dommages accidentels causés par les chariots en mouvement. Cette barre suspendue émet des alarmes audibles et visibles pour prévenir les dommages avant qu&#8217;ils ne se produisent, en évitant les impacts du véhicule et en changeant le comportement du conducteur au fil du temps. Protégez vos infrastructures de faible hauteur contre les mats des chariots élévateurs non baissées en opération.  Chaque haut-parleur émet un signal de 102 décibel Durant 20 secondes, l’équivalent d’un klaxon à 1 M. La barres équipée de leds flashe en même temps durant 40 secondes, créant une alarme sonore et visuelle.</p>
<p>Rapide et facile à installer, elle peut être utilisé pour protéger les cadres de porte, les quais de chargement, les infrastructures et les passerelles aériennes, ainsi que les principaux éléments de sécurité tels que les systèmes de spriklage, passages de câbles ou tuyaux de ventilation.</p>
<p>Lancement produit Octobre 2018</p>

<p>Conçue pour protéger les équipements en hauteur contre les dommages accidentels causés par les chariots en mouvement. Cette barre suspendue émet des alarmes audibles et visibles pour prévenir les dommages avant qu&#8217;ils ne se produisent, en évitant les impacts du véhicule et en changeant le comportement du conducteur au fil du temps. Protégez vos infrastructures [&hellip;]</p>
